t is a (base 12) in base 7?
13
-1d (base 15) to base 10
-28
What is -110 (base 7) in base 4?
-320
Convert -1333 (base 5) to base 14.
-118
Convert 21 (base 9) to base 8.
23
What is -a (base 14) in base 11?
-a
55 (base 14) to base 2
1001011
13 (base 6) to base 12
9
a (base 14) to base 5
20
-23 (base 8) to base 4
-103
Convert -1104 (base 5) to base 4.
-2122
Convert -a (base 14) to base 13.
-a
What is -2 (base 10) in base 15?
-2
-19 (base 10) to base 3
-201
Convert -3 (base 16) to base 4.
-3
-98 (base 10) to base 4
-1202
Convert 214 (base 11) to base 14.
145
-1c (base 14) to base 10
-26
110101 (base 2) to base 12
45
Convert 31 (base 7) to base 11.
20
-8a (base 11) to base 5
-343
-120 (base 5) to base 15
-25
What is -2202 (base 3) in base 10?
-74
-3 (base 14) to base 12
-3
Convert -3 (base 11) to base 10.
-3
What is 0 (base 11) in base 7?
0
What is 13 (base 7) in base 3?
101
Convert -160 (base 13) to base 5.
-1442
Convert -25 (base 8) to base 13.
-18
Convert 232 (base 6) to base 16.
5c
101 (base 2) to base 14
5
What is -15 (base 14) in base 5?
-34
-4 (base 7) to base 12
-4
Convert -1 (base 5) to base 13.
-1
What is 221 (base 6) in base 11?
78
Convert -34 (base 14) to base 6.
-114
23 (base 7) to base 2
10001
-b1 (base 15) to base 13
-ca
Convert -130 (base 4) to base 13.
-22
-2 (base 8) to base 6
-2
What is 11211 (base 3) in base 9?
154
18 (base 13) to base 2
10101
-1 (base 5) to base 6
-1
Convert 63 (base 14) to base 16.
57
67 (base 12) to base 5
304
Convert 7a (base 16) to base 4.
1322
Convert -17 (base 9) to base 3.
-121
-186 (base 9) to base 11
-135
What is -15 (base 8) in base 3?
-111
Convert 3 (base 5) to base 8.
3
Convert 63 (base 7) to base 3.
1200
-41 (base 5) to base 4
-111
1 (base 11) to base 14
1
Convert 8 (base 16) to base 6.
12
Convert -9 (base 12) to base 11.
-9
Convert 1 (base 9) to base 15.
1
3 (base 13) to base 7
3
What is 5 (base 6) in base 2?
101
-10 (base 7) to base 14
-7
What is 23 (base 5) in base 8?
15
13 (base 10) to base 14
d
What is 17 (base 10) in base 7?
23
Convert 1004 (base 6) to base 14.
11a
-a7 (base 15) to base 11
-133
-213 (base 6) to base 11
-74
Convert 46 (base 10) to base 16.
2e
131 (base 5) to base 9
45
What is 7 (base 8) in base 15?
7
10 (base 3) to base 11
3
What is -11 (base 10) in base 15?
-b
Convert 3 (base 5) to base 8.
3
What is a (base 15) in base 8?
12
What is 46 (base 14) in base 15?
42
121 (base 3) to base 12
14
35 (base 8) to base 3
1002
What is -1c (base 15) in base 13?
-21
Convert -189 (base 10) to base 6.
-513
What is -14 (base 5) in base 13?
-9
What is 3 (base 7) in base 16?
3
-2 (base 6) to base 8
-2
Convert 2 (base 3) to base 14.
2
6a (base 14) to base 2
1011110
Convert 11 (base 7) to base 3.
22
What is -7 (base 11) in base 4?
-13
286 (base 9) to base 15
110
Convert 0 (base 16) to base 12.
0
3 (base 4) to base 12
3
What is 3 (base 14) in base 8?
3
0 (base 5) to base 12
0
110111 (base 2) to base 14
3d
What is 123 (base 4) in base 11?
25
What is 23 (base 13) in base 16?
1d
540 (base 7) to base 2
100010001
Convert 4 (base 5) to base 10.
4
What is 11 (base 12) in base 13?
10
Convert 7 (base 11) to base 6.
11
-1c (base 16) to base 15
-1d
-1 (base 4) to base 12
-1
Convert -310 (base 6) to base 7.
-222
-a (base 15) to base 2
-1010
-1 (base 9) to base 5
-1
Convert -47 (base 8) to base 10.
-39
10 (base 9) to base 8
11
What is -222 (base 11) in base 15?
-12b
What is 45 (base 12) in base 14?
3b
-100 (base 2) to base 5
-4
-3 (base 5) to base 6
-3
What is -220 (base 4) in base 10?
-40
-3 (base 9) to base 12
-3
-12 (base 13) to base 9
-16
Convert -22 (base 10) to base 11.
-20
What is -37 (base 9) in base 13?
-28
What is 5 (base 7) in base 3?
12
Convert -14 (base 8) to base 2.
-1100
-7 (base 11) to base 2
-111
36 (base 16) to base 4
312
-1 (base 3) to base 8
-1
Convert 3 (base 6) to base 3.
10
What is -100 (base 2) in base 6?
-4
3 (base 7) to base 4
3
What is 10 (base 5) in base 16?
5
What is 141 (base 6) in base 11?
56
Convert 201 (base 9) to base 16.
a3
What is 0 (base 2) in base 8?
0
Convert 1324 (base 5) to base 4.
3112
55 (base 15) to base 8
120
-8 (base 11) to base 14
-8
-4 (base 7) to base 15
-4
Convert 1000 (base 3) to base 10.
27
What is 6 (base 7) in base 12?
6
Convert 14 (base 7) to base 3.
102
What is 1 (base 15) in base 11?
1
Convert 1 (base 4) to base 14.
1
What is -41 (base 15) in base 4?
-331
Convert 86 (base 13) to base 8.
156
Convert 133 (base 5) to base 16.
2b
What is -2 (base 14) in base 5?
-2
Convert 241 (base 7) to base 15.
87
What is 4 (base 12) in base 5?
4
What is 3 (base 7) in base 11?
3
-154 (base 13) to base 16
-ee
-91 (base 10) to base 4
-1123
0 (base 2) to base 7
0
-2 (base 9) to base 5
-2
Convert -28 (base 12) to base 9.
-35
Convert 95 (base 10) to base 15.
65
Convert 31 (base 4) to base 3.
111
What is 100111 (base 2) in base 8?
47
Convert 0 (base 11) to base 8.
0
What is 3 (base 7) in base 5?
3
What is 4 (base 9) in base 15?
4
What is -327 (base 10) in base 4?
-11013
Convert -61 (base 8) to base 2.
-110001
Convert -208 (base 12) to base 13.
-19a
What is 10 (base 14) in base 6?
22
What is -23 (base 12) in base 15?
-1c
Convert 4 (base 13) to base 15.
4
-27 (base 11) to base 7
-41
What is -214 (base 7) in base 4?
-1231
Convert 122 (base 3) to base 6.
25
-8 (base 10) to base 2
-1000
2 (base 12) to base 2
10
Convert -5 (base 8) to base 15.
-5
-5 (base 10) to base 15
-5
What is -5 (base 15) in base 10?
-5
What is 0 (base 5) in base 10?
0
Convert 30 (base 6) to base 12.
16
What is 30 (base 5) in base 15?
10
-3 (base 5) to base 7
-3
Convert 2b (base 14) to base 5.
124
Convert -f3 (base 16) to base 2.
-11110011
Convert -5 (base 14) to base 11.
-5
Convert 70 (base 16) to base 7.
220
Convert -130 (base 13) to base 14.
-10c
34 (base 9) to base 7
43
What is -170 (base 8) in base 5?
-440
-101000 (base 2) to base 3
-1111
Convert -4 (base 9) to base 16.
-4
4 (base 9) to base 12
4
Convert 57 (base 10) to base 11.
52
-7 (base 13) to base 7
-10
Convert -3 (base 10) to base 9.
-3
Convert -8 (base 13) to base 2.
-1000
2112 (base 5) to base 13
189
334 (base 6) to base 3
11211
-3 (base 14) to base 3
-10
Convert -2d (base 16) to base 4.
-231
What is -1111 (base 2) in base 11?
-14
0 (base 10) to base 7
0
Convert 11 (base 14) to base 15.
10
Convert 2 (base 11) to base 12.
2
-15 (base 9) to base 4
-32
Convert -12 (base 8) to base 13.
-a
-1 (base 5) to base 14
-1
-26 (base 15) to base 2
-100100
10 (base 16) to base 4
100
Convert 2 (base 5) to base 15.
2
Convert -22 (base 7) to base 2.
-10000
Convert -8 (base 11) to base 8.
-10
Convert 26 (base 11) to base 8.
34
Convert 20 (base 8) to base 3.
121
12 (base 9) to base 4
23
1 (base 12) to base 7
1
-11 (base 5) to base 6
-10
-15 (base 8) to base 4
-31
What is -1211 (base 4) in base 3?
-10202
Convert -10 (base 9) to base 8.
-11
-ca (base 14) to base 16
-b2
Convert 412 (base 5) to base 12.
8b
Convert 6 (base 16) to base 11.
6
63 (base 8) to base 2
110011
132 (base 4) to base 7
42
Convert 21 (base 3) to base 4.
13
Convert 5 (base 14) to base 15.
5
Convert 13 (base 9) to base 6.
20
What is 555 (base 7) in base 2?
100011101
What is 8d (base 15) in base 11?
111
-13 (base 15) to base 16
-12
-37 (base 10) to base 4
-211
Convert 20 (base 3) to base 2.
110
Convert a3 (base 13) to base 16.
85
What is -1001 (base 4) in base 6?
-145
101 (base 4) to base 16
11
Convert 169 (base 11) to base 13.
121
-5 (base 8) to base 2
-101
What is 2301 (base 4) in base 2?
10110001
Convert -10 (base 2) to base 11.
-2
43 (base 16) to base 14
4b
-132 (base 5) to base 3
-1120
Convert -344 (base 5) to base 10.
-99
Convert c (base 14) to base 8.
14
Convert -111 (base 5) to base 14.
-23
What is 1020 (base 3) in base 11?
30
-2 (base 15) to base 6
-2
Convert -1100 (base 2) to base 5.
-22
Convert 14 (base 5) to base 9.
10
What is 11 (base 7) in base 2?
1000
Convert -37 (base 12) to base 5.
-133
-1a (base 15) to base 9
-27
What is 12 (base 8) in base 5?
20
Convert -37 (base 15) to base 5.
-202
-4 (base 12) to base 2
-100
2 (base 6) to base 13
2
-b (base 12) to base 2
-1011
What is -2 (base 13) in base 15?
-2
Convert -72 (base 9) to base 12.
-55
-3 (base 5) to base 11
-3
Convert 40 (base 10) to base 8.
50
What is 121 (base 3) in base 16?
10
What is 10 (base 6) in base 2?
110
What is -106 (base 11